 = r**2 + 1. Let b(p) = 5*d(p) - k(p). Determine b(0).
-1
Let n(c) = -2 - 6*c + 3*c - c - c. Let d(w) = -w - 1. Let i(g) = -6*d(g) + n(g). Determine i(0).
4
Let o(r) be the first derivative of -r**4/4 + 7*r**3/3 - 5*r**2/2 + 3*r - 5. Give o(6).
9
Let q(b) be the first derivative of b**4/4 - b**3 - 2*b**2 + 4*b + 2. Let p = 8 + -4. Give q(p).
4
Let r = 1 + 1. Let b(h) be the first derivative of h - 1 + h**3 + 1/2*h**4 + 3/2*h**r. Calculate b(-2).
-9
Suppose -z + 4 = -5*g - 50, -48 = -z + 3*g. Suppose -z = -5*l + 3*v, 3*v = -2*l + 2*v + 20. Let q(x) = l + 1 + 0 + x + 3. Give q(-6).
7
Let p(g) = 3 + 2 - 9 + g. Let y be ((-5)/2)/((-2)/4). Calculate p(y).
1
Let k(g) be the first derivative of -g**3/3 - 11*g**2/2 + 7*g + 45. Calculate k(-11).
7
Let f = 1 + -3. Let j(b) = b + 2. Let w be j(f). Let g(m) = -m**2 - m. Let u(l) = l**3 + 4*l**2 + 4*l - 3. Let q(p) = 3*g(p) + u(p). What is q(w)?
-3
Let f(v) = 2*v. Let u be f(1). Let i(a) = -3 + 4 - a + a**u + 2 - 3*a**2. Determine i(-3).
-12
Let f(g) = 7*g**2 - 19*g - 7. Let n(x) = -3*x**2 + 9*x + 4. Let w(q) = -4*f(q) - 9*n(q). Determine w(-6).
-14
Let z(y) = -y**2 - 2*y + 4. Suppose i = -11 + 1. Let o be -4*(i/4)/5. Let l be (1*o)/(14/(-35)). Calculate z(l).
-11
Suppose 0*q - 4*q - 2*m - 22 = 0, -2*m - 13 = q. Let r(x) be the first derivative of x**2/2 + 7*x + 5. Give r(q).
4
Suppose -5 = -8*j + 27. Let i(h) be the third derivative of h**6/120 - h**5/20 - h**4/8 - h**3/2 - h**2. What is i(j)?
1
Let u be (-11)/(-3) - 4/6. Suppose 4*i = u*q, 0 = -3*i + 5*q - 2*q - 3. Let l(y) = -y + 2. Give l(i).
-1
Let j(n) = 4*n**3 + 2*n**2 + 2*n + 1. Let g be j(-1). Let s be (g/9)/(2/(-12)). Let u(v) = -v**3 + 2*v**2 - 2*v + 1. What is u(s)?
-3
Let k(x) = 967 + x - 967. What is k(-1)?
-1
Let x = 13 - 20. Let p be 2/(-3)*(1 + x). Let h(r) = -5*r**2 + 3*r + 4. Let b(m) = -4*m**2 + 2*m + 3. Let d(w) = -6*b(w) + 5*h(w). Determine d(p).
-2
Let h(b) = -2*b - 3. Suppose 3*x = 2*x - 2. Let i be h(x). Let m(o) = 6*o - 1. Determine m(i).
5
Let z(s) = -s**3 - s**2 - 5*s - 11. Let n(j) = 2*j**3 + 2*j**2 + 9*j + 21. Let d(f) = 4*n(f) + 7*z(f). Give d(0).
7
Let b(x) be the third derivative of -x**6/15 + x**5/60 - 2*x**2. Let o = -96 + 97. Give b(o).
-7
Let l(d) = -d**2 - 3*d + 2. Let h = -2 - -4. Let m = -2 + h. Suppose -2*p + q - 2 = m, 0*q + 2*q = -4. Calculate l(p).
4
Let j(z) = -z - 5. Let h(v) = -3*v - 3. Let a be h(-2). Suppose 8*y = a*y - 10. Let c be (1 + 0 + -1)/y. Determine j(c).
-5
Let u = -13 + 10. Let k(i) = -6*i - 4. Determine k(u).
14
Let r(o) = -7*o**3 + 2*o**2 - 1. Let y be r(1). Let v(l) = 3*l + 0*l - l**2 + 7 - 9*l. Give v(y).
7
Let s(b) be the third derivative of b**4/24 + b**3/2 + 56*b**2. Give s(-7).
-4
Let t be 0 + (-2 - 2) + (-25)/(-5). Let b(z) = -8*z**2 + 2*z - 1. Give b(t).
-7
Let o(t) = -t**2 - 4*t + 19. Let a be o(3). Let p(u) = 3*u**2 - u - 5. Let d = -2 + 3. Let j(s) = -s - 1. Let v(x) = d*p(x) - 3*j(x). Calculate v(a).
6
Let g be (1 + 3/(-6))*0. Let l = -1 - -4. Let n(y) = -y**2 - 3*y**2 - 5 + l*y**2. Determine n(g).
-5
Let x(w) = w**2 + w + 6. Let l(v) be the third derivative of v**4/24 + v**3/3 + 6*v**2. Let p be l(-2). Determine x(p).
6
Let u(o) = -2*o**3 + 2*o**2 + o + 1. Let v be u(2). Let j be (4 - 3)/(1/v). Let t(y) = -7*y - 5. Let r(f) = 8*f + 5. Let k(p) = 6*r(p) + 7*t(p). What is k(j)?
0
Let l(n) = n - 6. Let k be ((-14)/(-8))/(3/12). Calculate l(k).
1
Let a be (-1)/3*(-4 + 29 + -4). Let t(p) = p**2 + 5*p - 9. What is t(a)?
5
Let y(b) = 7*b**2 + b + 1. Let v = -13 - -21. Let r be (3*v/(-6))/(-2). Suppose 2*o + 4 = -r*o. Give y(o).
7
Let j be (0 - 1)/((-1)/1). Let v(r) = -r**3 - r**2 - 1. Let q(f) = 13*f**3 + 4*f**2 + 2*f + 5. Let g(i) = -q(i) - 6*v(i). Calculate g(j).
-6
Suppose -8*i - 2*p + 15 = -5*i, 0 = 3*p. Let o(x) = -3*x + 7. What is o(i)?
-8
Let k = 17 - 12. Suppose 0 = -k*z + 3*q + 5, 2*z = -z - 3*q - 21. Let b(v) = 4*v + 1. Give b(z).
-7
Let m(l) = l**2 - 14*l + 2. Let f be m(14). Let x(u) = 9*u**f + 3*u - 7*u**2 - 4*u. Determine x(2).
6
Let a(b) = -b + 2. Suppose 9*g - 12*g + 15 = 0. Calculate a(g).
-3
Let n(j) = 6*j + 3. Let p(c) = -7*c - 4. Let y be 1/((-2)/12) + 1. Let g(q) = y*p(q) - 6*n(q). Determine g(-2).
4
Suppose -w + 2 = w. Let n(s) = 2 - w - 6 + s + 2. Determine n(3).
0
Let s(m) be the second derivative of m**7/2520 + m**6/120 - m**5/120 - m**4/3 + 10*m. Let c(t) be the third derivative of s(t). Determine c(-7).
6
Let m be ((-1 - -2)*0)/2. Let a(u) = u + 8 - 6 + m*u. What is a(-4)?
-2
Let h be (3/(-3))/(-1) + -3. Let y(v) be the third derivative of v**6/180 - v**4/8 + 3*v**2. Let i(w) be the second derivative of y(w). Give i(h).
-8
Suppose -19 = -4*p + 4*w - 9*w, 0 = -3*p + 4*w - 9. Let z(x) = -x**3 + 4*x**2 - 6*x - 3. Let l(h) = h. Let f(c) = p*z(c) + 5*l(c). Give f(4).
-7
Let o(q) = 13*q**3 - 5*q - q**2 - 12*q**3 + q + 2. Determine o(3).
8
Let g(f) = 3*f**2 + 7*f - 13. Let w(o) = 2*o**2 + 4*o - 7. Let y(m) = -6*g(m) + 11*w(m). Determine y(-1).
3
Let u(t) = -t**2 - 6*t - 8. Let m be u(-4). Let f(p) be the third derivative of 0*p + 1/12*p**4 + m + 1/15*p**5 - 2*p**2 - 1/6*p**3. Determine f(1).
5
Let t(r) = -14*r**2 + 32*r - 6. Let p(g) = -5*g + 1 - 5*g**2 + 16*g - 3. Let b(v) = 17*p(v) - 6*t(v). Suppose 4*z + 9 = -7, 5*k - 5*z = 0. What is b(k)?
6
Suppose -7*u + 18 = -4*u. Let n(f) = -f**2 + 6*f - 2. Give n(u).
-2
Let f(c) = -5*c**3 - 2*c**2 + 4. Let h(j) = -7 - j - 2 + 1 + 0*j**2 + 9*j**3 + 4*j**2. Let l(g) = 7*f(g) + 4*h(g). What is l(-3)?
-1
Let f(l) = 2*l**2 - 6*l + 5. Let r be f(3). Let i(p) be the third derivative of -p**6/120 + p**5/15 + p**4/8 + 7*p**3/6 - 2*p**2. Calculate i(r).
-3
Let v(o) = o**3 + 7*o**2 + 5*o + 7. Let i be ((-18)/4)/(((-9)/(-4))/3). Calculate v(i).
13
Let y = 10 + -11. Suppose -6*u = -2*u - 24. Let i(p) = -7*p**2 + 4*p + 6. Let c(l) = -l**2 + l + 1. Let a(g) = u*c(g) - i(g). Give a(y).
-1
Let t(f) = f**3 - f**2 + 1. Let o(d) = d**2 + 5*d + 6. Let y be o(-4). Give t(y).
5
Let t(u) be the second derivative of 0 - 2*u + 3/2*u**2 + 2/3*u**3 + 1/4*u**4. Calculate t(-2).
7
Let d be 4/(-14) - (-26)/(-7). Let x = 4 + d. Suppose 5*o = -x*o - 15. Let r(s) = s**2 + 3*s + 3. Give r(o).
3
Let a(m) = -5*m**2 + 12. Let p(q) = 9 - 3*q**2 - 14 + 13. Let w(s) = -5*a(s) + 8*p(s). Calculate w(-3).
13
Let f(w) be the second derivative of w**5/20 - w**4/2 + 5*w**3/6 - w**2/2 + 10*w. Determine f(5).
-1
Let l(x) = -2*x + 1. Let o be l(3). Let h(m) = -m**2 + m + 1. Let j(u) = -u**2 + 8*u - 2. Let g(w) = -2*h(w) + j(w). What is g(o)?
-9
Let a(x) = x**2 + x + 1. Let k(p) = -2*p**2 - 7*p - 7. Let w(g) = 3*a(g) + k(g). What is w(5)?
1
Let g(b) = -b**2 - 5*b - 2. Suppose j + 2 + 3 = o, 2*j + 4 = 0. Suppose -2*c = -o*c + 5. Suppose 3*q - q - 30 = c*h, 29 = -h + 5*q. Determine g(h).
2
Let b(u) be the first derivative of u**2 + 65. Let g(a) = a**3 - 3*a**2 - 5*a - 1. Let l be g(4). What is b(l)?
-10
Suppose 3 = 5*d - 17. Let w(m) = 6*m**3 - 4*m**2 - 6*m + 10. Let y(i) = -5*i**3 + 4*i**2 + 5*i - 9. Let h(l) = 4*w(l) + 5*y(l). Determine h(d).
-1
Let n(c) = 4*c**3 - 6*c**2 - 2*c + 1. Let a(f) = f**3 - f**2 - f - 1. Let l(h) = 3*a(h) - n(h). Determine l(3).
-7
Let f = -2 + 4. Suppose 0 = 5*j - f*j - 5*v - 17, -2*j + 14 = -4*v. Let x(o) = 9*o**2 + o. Calculate x(j).
8
Let i(t) = 8*t**3 + 2*t**2 + 1. Let m(q) = -7*q**3 - q**2 + q - 1. Let y(f) = -6*i(f) - 7*m(f). What is y(6)?
-5
Let o(b) be the third derivative of 1/12*b**4 + 2*b**2 - 1/6*b**3 + 0*b + 0. Give o(2).
3
Let q(l) = -3*l - 2*l**3 - 44 - l**3 + 2*l**3 - 3*l**2 + 45. Let n be (-2 - -6)*9/(-12). Calculate q(n).
10
Let t(y) = y**3 + 4*y**2 + 3*y - 2. Suppose p - u + 7 = 3*u, 0 = 3*p - 2*u - 9. Let n be (3/p + -1)*5. Let z = -1 + n. Calculate t(z).
-2
Let n(k) be the first derivative of k**4/2 - k**3 + k - 2. Calculate n(2).
5
Suppose 4*s - 30 = w + 26, -3*w - 3 = -s. Let b = s + -16. Let r(u) = 12*u. What is r(b)?
-12
Let p(x) = x**2 - 4*x + 2. Let l(n) = n**2 + n - 1. Let c(o) = -4*l(o) - p(o). Calculate c(2).
-18
Suppose o = 4*n + 22, 5*o = 3*n + 12 + 13. Let x(y) = -y**2 - 6*y - 2. Determine x(n).
3
Suppose -2*n + 5*n - 11 = -2*w, 4*n = -5*w + 17. Let c(k) be the first derivative of -k**2 + 3*k - 2. What is c(n)?
-3
Let m(v) = -v**3 + 5*v**2 + 3. Suppose 3*u + 5*k - 11 = 0, k + k = 3*u + 17. Let p(h) = -2*h**3 + 11